{"id":45,"date":"2024-03-06T16:12:00","date_gmt":"2024-03-06T20:12:00","guid":{"rendered":"http:\/\/venvidrio.com.ve\/?page_id=45"},"modified":"2024-03-07T14:12:48","modified_gmt":"2024-03-07T18:12:48","slug":"contrataciones-publicas","status":"publish","type":"page","link":"https:\/\/venvidrio.com.ve\/index.php\/contrataciones-publicas\/","title":{"rendered":"Contrataciones Publicas"},"content":{"rendered":"\n<div class=\"wp-site-blocks\">\n<div class=\"wp-block-group has-global-padding is-layout-constrained wp-block-group-is-layout-constrained\">\n<div class=\"wp-block-group alignwide is-layout-flow wp-block-group-is-layout-flow\" style=\"margin-top: 0px; margin-bottom: 0px; padding: 0px;\">\n<div class=\"entry-content wp-block-post-content is-layout-flow wp-block-post-content-is-layout-flow\">\n<p style=\"text-align: left;\">La&nbsp; Comisi\u00f3n de&nbsp; Contrataciones&nbsp; P\u00fablicas hace saber a&nbsp; las&nbsp; cooperativas, PyMIs,&nbsp; empresas y dem\u00e1s organizaciones de base del poder popular socio productivas interesadas en participar en nuestros procesos de contrataciones p\u00fablicas y trabajar en conjunto para el fortalecimiento de la capacidad&nbsp; industrial&nbsp; del&nbsp; sector&nbsp; p\u00fablico&nbsp; en&nbsp; la&nbsp; fabricaci\u00f3n de envases de vidrio para nuestro pueblo, que los llamados a contrataciones se har\u00e1n p\u00fablicos en este portal web institucional, en cumplimiento&nbsp; de&nbsp; los&nbsp; art\u00edculos&nbsp; 79 y&nbsp; 80 del Decreto&nbsp; con&nbsp; Rango, Valor y Fuerza&nbsp; de&nbsp; Ley&nbsp; de Contrataciones&nbsp; P\u00fablicas&nbsp; publicada&nbsp; en l a Gaceta Oficial N\u00b06.154, Decreto N\u00b01.399 del 19 de Noviembre del 2014.<\/p>\n<p>La Comisi\u00f3n de Contrataciones Publicas actuar\u00e1 en atenci\u00f3n a los principios de econom\u00eda, planificaci\u00f3n, transparencia, honestidad, eficiencia, igualdad, competencia publicidad y simplificaci\u00f3n de tr\u00e1mites as\u00ed como el incentivo a la participaci\u00f3n popular a trav\u00e9s de cualquier forma asociativa de producci\u00f3n.<\/p>\n<p><strong>Marco Legal:<\/strong> <a title=\"Reglamento Contrataciones P\u00fablicas\" href=\"https:\/\/venvidrio.com.ve\/wp-content\/uploads\/2024\/03\/reglamento-de-la-ley-de-contrataciones-publicas.pdf\"><br>Reglamento Contrataciones P\u00fablicas<\/a><br><a title=\"Ley de Contrataciones Publicas\" href=\"https:\/\/venvidrio.com.ve\/wp-content\/uploads\/2024\/03\/ley-constitucional-contra-la-guerra-economica-para-la-racionalidad-y-uniformidad-en-la-adquisicion-de-bienes-servicios-y-obras-publicas-20211028145642.pdf\">Ley de Contrataciones Publicas<\/a><br><a title=\"Unidad para el C\u00e1lculo Aritm\u00e9tico del Umbral M\u00e1ximo y M\u00ednimo para Contrataciones P\u00fablicas\" href=\"https:\/\/venvidrio.com.ve\/wp-content\/uploads\/2024\/03\/Unidad-para-el-Calculo-Aritmetico-del-Umbral-Maximo-y-Minimo-para-Contrataciones-Publicas.pdf\">Unidad para el C\u00e1lculo Aritm\u00e9tico del Umbral M\u00e1ximo y M\u00ednimo para Contrataciones P\u00fablicas<\/a><\/p>\n<p><strong>NORMATIVA LEGAL APLICABLE:<\/strong><\/p>\n<ul>\n<li>Ley Constitucional Contra La Guerra Econ\u00f3mica para la Racionalidad y Uniformidad en la Adquisici\u00f3n de Bienes Servicios y Obras P\u00fablicas, publicada en la Gaceta Oficial de la Rep\u00fablica Bolivariana de Venezuela N\u00b0 41.318, de fecha 11 de enero de 2018.<\/li>\n<li>Resoluci\u00f3n Conjunta mediante la cual se fija el valor de la unidad para el C\u00e1lculo Aritm\u00e9tico del Umbral M\u00e1ximo y M\u00ednimo para Contrataciones P\u00fablicas, publicado en la Gaceta Oficial Extraordinaria de la Rep\u00fablica Bolivariana de Venezuela N\u00b0 6.360 de fecha 19 de enero de 2018.<\/li>\n<li>Ley Constitucional Contra La Guerra Econ\u00f3mica para la Racionalidad y Uniformidad en la Adquisici\u00f3n de Bienes Servicios y Obras P\u00fablicas<\/li>\n<\/ul>\n<p><strong>Concursos Abiertos:<\/strong><\/p>\n<\/div>\n<\/div>\n<\/div>\n<\/div>\n\n\n\n<div class=\"wp-block-columns is-layout-flex wp-container-core-columns-is-layout-28f84493 wp-block-columns-is-layout-flex\">\n<div class=\"wp-block-column is-layout-flow wp-block-column-is-layout-flow\">\n<p class=\"has-text-align-center\"><strong>Contrataciones P\u00fablicas 2024<\/strong><\/p>\n<\/div>\n<\/div>\n\n\n\n<ul class=\"wp-block-list\">\n<li><a href=\"http:\/\/venvidrio.com.ve\/wp-content\/uploads\/2024\/03\/Llamado-VDV.2024.CA_.001.pdf\" data-type=\"link\" data-id=\"http:\/\/venvidrio.com.ve\/wp-content\/uploads\/2024\/03\/Llamado-VDV.2024.CA_.001.pdf\">LLAMADO A PARTICIPAR EN EL CONCURSO ABIERTO DE CONTRATACIONES P\u00daBLICAS: \u201cServicio de control integral de plagas de Venezolana del Vidrio, C.A. (VENVIDRIO), Sucursal Planta Valera y Planta Los Guayos\u201d.<\/a><\/li>\n\n\n\n<li><a href=\"http:\/\/venvidrio.com.ve\/wp-content\/uploads\/2024\/03\/Llamado-VDV.2024.CA_.002.pdf\" data-type=\"link\" data-id=\"http:\/\/venvidrio.com.ve\/wp-content\/uploads\/2024\/03\/Llamado-VDV.2024.CA_.002.pdf\">LLAMADO A PARTICIPAR EN EL CONCURSO ABIERTO DE CONTRATACIONES P\u00daBLICAS: \u201cServicio de reparaci\u00f3n de paletas de madera para mantener los inventarios de Venezolana del Vidrio, C.A. (VENVIDRIO), Sucursal Planta Los Guayos\u201d<\/a><\/li>\n\n\n\n<li><a href=\"http:\/\/venvidrio.com.ve\/wp-content\/uploads\/2024\/03\/Llamado-VDV.2024.CA_.003.pdf\" data-type=\"link\" data-id=\"http:\/\/venvidrio.com.ve\/wp-content\/uploads\/2024\/03\/Llamado-VDV.2024.CA_.003.pdf\">LLAMADO A PARTICIPAR EN EL CONCURSO ABIERTO DE CONTRATACIONES P\u00daBLICAS: \u201cServicio de reciclaje de materiales (patio de residuos y vidrio paletizado) de Venezolana del Vidrio, C.A. (VENVIDRIO), Sucursal Planta Los Guayos\u201d<\/a><\/li>\n\n\n\n<li><a href=\"http:\/\/venvidrio.com.ve\/wp-content\/uploads\/2024\/03\/Llamado-VDV.2024.CA_.004.pdf\">LLAMADO A PARTICIPAR EN EL CONCURSO ABIERTO DE CONTRATACIONES P\u00daBLICAS: \u201cServicio de fumigaci\u00f3n l\u00edquida de paletas de madera con equipo de alta presi\u00f3n, para el control qu\u00edmico de insectos y hongos, tratamiento t\u00e9rmico, secado al horno y aplicaci\u00f3n de agente desmanchador de Venezolana del Vidrio, C.A. (VENVIDRIO), Sucursal Planta Los Guayos.\u201d<\/a><\/li>\n\n\n\n<li><a href=\"http:\/\/venvidrio.com.ve\/wp-content\/uploads\/2024\/03\/Llamado-VDV.2024.CA_.005.pdf\" data-type=\"link\" data-id=\"http:\/\/venvidrio.com.ve\/wp-content\/uploads\/2024\/03\/Llamado-VDV.2024.CA_.005.pdf\">LLAMADO A PARTICIPAR EN EL CONCURSO ABIERTO DE CONTRATACIONES P\u00daBLICAS: \u201cServicio de reparaci\u00f3n de marcos met\u00e1licos (material de empaque) de Venezolana del Vidrio, CA (VENVIDRIO) Sucursal Planta Los Guayos\u201d<\/a><\/li>\n\n\n\n<li><a href=\"http:\/\/venvidrio.com.ve\/wp-content\/uploads\/2024\/03\/Llamado-VDV.2024.CA_.003.pdf\" data-type=\"link\" data-id=\"http:\/\/venvidrio.com.ve\/wp-content\/uploads\/2024\/03\/Llamado-VDV.2024.CA_.003.pdf\">LLAMADO A PARTICIPAR EN EL CONCURSO ABIERTO DE CONTRATACIONES P\u00daBLICAS: \u201c<\/a><a href=\"http:\/\/venvidrio.com.ve\/wp-content\/uploads\/2024\/03\/Llamado-VDV.2024.CA_.006.pdf\" data-type=\"link\" data-id=\"http:\/\/venvidrio.com.ve\/wp-content\/uploads\/2024\/03\/Llamado-VDV.2024.CA_.003.pdf\">Servicio <\/a><a href=\"http:\/\/venvidrio.com.ve\/wp-content\/uploads\/2024\/03\/Llamado-VDV.2024.CA_.003.pdf\" data-type=\"link\" data-id=\"http:\/\/venvidrio.com.ve\/wp-content\/uploads\/2024\/03\/Llamado-VDV.2024.CA_.003.pdf\">de fotocopiado, impresiones y suministro de repuestos de Venezolana del Vidrio, C.A. (VENVIDRIO), Sucursal Planta Los Guayos, Planta Valera y Oficinas Caracas.\u201d<\/a><\/li>\n\n\n\n<li><a href=\"http:\/\/venvidrio.com.ve\/wp-content\/uploads\/2024\/03\/Llamado-VDV.2024.CA_.007.pdf\" data-type=\"link\" data-id=\"http:\/\/venvidrio.com.ve\/wp-content\/uploads\/2024\/03\/Llamado-VDV.2024.CA_.007.pdf\">LLAMADO A PARTICIPAR EN EL CONCURSO ABIERTO DE CONTRATACIONES P\u00daBLICAS: \u201cServicio de limpieza de piscinas del S\u00f3tano, fosas, canales, alcantarillas de drenaje de los hornos y \u00e1reas adyacentes de Venezolana del Vidrio, C.A. (VENVIDRIO), Sucursal Planta Valera\u201d<\/a><\/li>\n\n\n\n<li><a href=\"http:\/\/venvidrio.com.ve\/wp-content\/uploads\/2024\/03\/Llamado-VDV.2024.CA_.008.pdf\" data-type=\"link\" data-id=\"http:\/\/venvidrio.com.ve\/wp-content\/uploads\/2024\/03\/Llamado-VDV.2024.CA_.008.pdf\">LLAMADO A PARTICIPAR EN EL CONCURSO ABIERTO DE CONTRATACIONES P\u00daBLICAS: \u201cServicio de mantenimiento y desmalezamiento, deforestaci\u00f3n de \u00e1reas verdes internas y externas de Venezolana del Vidrio, C.A. (VENVIDRIO), Sucursal Planta Los Guayos y Planta Valera\u201d<\/a><\/li>\n\n\n\n<li><a href=\"http:\/\/venvidrio.com.ve\/wp-content\/uploads\/2024\/03\/Llamado-VDV.2024.CA_.009.pdf\" data-type=\"link\" data-id=\"http:\/\/venvidrio.com.ve\/wp-content\/uploads\/2024\/03\/Llamado-VDV.2024.CA_.009.pdf\">LLAMADO A PARTICIPAR EN EL CONCURSO ABIERTO DE CONTRATACIONES P\u00daBLICAS: \u201cServicio de mantenimiento y limpieza de planta, oficinas administrativas, talleres, y almacenes de Venezolana del Vidrio C.A. (VENVIDRIO), Sucursal Planta Los Guayos, oficina comercial Caracas y Planta Valera\u201d<\/a><\/li>\n\n\n\n<li><a href=\"http:\/\/venvidrio.com.ve\/wp-content\/uploads\/2024\/03\/Llamado-VDV.2024.CA_.010.pdf\" data-type=\"link\" data-id=\"http:\/\/venvidrio.com.ve\/wp-content\/uploads\/2024\/03\/Llamado-VDV.2024.CA_.010.pdf\">LLAMADO A PARTICIPAR EN EL CONCURSO ABIERTO DE CONTRATACIONES P\u00daBLICAS: \u201cServicio de mantenimiento preventivo y correctivo del sistema contra incendio, suministros conexos de Venezolana del Vidrio, C.A. (VENVIDRIO), Sucursal Planta Los Guayos y Planta Valera\u201d<\/a><\/li>\n\n\n\n<li><a href=\"http:\/\/venvidrio.com.ve\/wp-content\/uploads\/2024\/03\/Llamado-VDV.2024.CA_.011.pdf\" data-type=\"link\" data-id=\"http:\/\/venvidrio.com.ve\/wp-content\/uploads\/2024\/03\/Llamado-VDV.2024.CA_.011.pdf\">LLAMADO A PARTICIPAR EN EL CONCURSO ABIERTO DE CONTRATACIONES P\u00daBLICAS: \u201cServicio de mantenimiento preventivo y correctivo de equipos de refrigeraci\u00f3n y aires acondicionados de Venezolana del Vidrio,C.A. (VENVIDRIO), Sucursal Planta Los Guayos y Planta Valera\u201d<\/a><\/li>\n\n\n\n<li><a href=\"http:\/\/venvidrio.com.ve\/wp-content\/uploads\/2024\/03\/Llamado-VDV.2024.CA_.012.pdf\" data-type=\"link\" data-id=\"http:\/\/venvidrio.com.ve\/wp-content\/uploads\/2024\/03\/Llamado-VDV.2024.CA_.012.pdf\">LLAMADO A PARTICIPAR EN EL CONCURSO ABIERTO DE CONTRATACIONES P\u00daBLICAS: \u201cServicio de mantenimiento preventivo y correctivo menores de edificaciones de \u00e1reas administrativas e industriales y reparaci\u00f3n de Venezolana del Vidrio, C.A. (VENVIDRIO), Sucursal Planta Los Guayos y Planta Valera<\/a>\u201d<\/li>\n\n\n\n<li><a href=\"http:\/\/venvidrio.com.ve\/wp-content\/uploads\/2024\/03\/Llamado-VDV.2024.CA_.013.pdf\" data-type=\"link\" data-id=\"http:\/\/venvidrio.com.ve\/wp-content\/uploads\/2024\/03\/Llamado-VDV.2024.CA_.013.pdf\">LLAMADO A PARTICIPAR EN EL CONCURSO ABIERTO DE CONTRATACIONES P\u00daBLICAS: \u201cServicio de reparaci\u00f3n y mantenimiento de montacargas, carros remolcadores y vagones de acarreo de producto terminado propiedad de Venezolana del Vidrio, C.A. (VENVIDRIO) Planta Los Guayos.\u201d<\/a><\/li>\n\n\n\n<li><a href=\"http:\/\/venvidrio.com.ve\/wp-content\/uploads\/2024\/03\/Llamado-VDV.2024.CA_.014.pdf\" data-type=\"link\" data-id=\"http:\/\/venvidrio.com.ve\/wp-content\/uploads\/2024\/03\/Llamado-VDV.2024.CA_.014.pdf\">LLAMADO A PARTICIPAR EN EL CONCURSO ABIERTO DE CONTRATACIONES P\u00daBLICAS: \u201cServicio de an\u00e1lisis de vibraciones en ventiladores de enfriamiento de m\u00e1quinas is, planchas muertas, bombas centrifugas de torres de enfriamiento, turbinas y compresores de planta de fuerza, balanceo din\u00e2mico en sitio y fuera de la planta en Venezolana del Vidrio, C.A\u201d<\/a><\/li>\n\n\n\n<li><a href=\"http:\/\/venvidrio.com.ve\/wp-content\/uploads\/2024\/03\/Llamado-VDV.2024.CA_.015.pdf\" data-type=\"link\" data-id=\"http:\/\/venvidrio.com.ve\/wp-content\/uploads\/2024\/03\/Llamado-VDV.2024.CA_.015.pdf\">LLAMADO A PARTICIPAR EN EL CONCURSO ABIERTO DE CONTRATACIONES P\u00daBLICAS: \u201cServicio funerario para los trabajadores y trabajadoras de Venezolana del Vidrio, C.A. (VENVIDRIO), Sucursal Planta Los Guayos y Valera\u201d<\/a><\/li>\n\n\n\n<li><a href=\"http:\/\/venvidrio.com.ve\/wp-content\/uploads\/2024\/03\/Llamado-VDV.2024.CA_.016.pdf\" data-type=\"link\" data-id=\"http:\/\/venvidrio.com.ve\/wp-content\/uploads\/2024\/03\/Llamado-VDV.2024.CA_.016.pdf\">LLAMADO A PARTICIPAR EN EL CONCURSO ABIERTO DE CONTRATACIONES P\u00daBLICAS: \u201cServicio de transporte para los trabajadores y trabajadoras de Venezolana del Vidrio, C.A. (VENVIDRIO), Sucursal Planta Los Guayos y Planta Valera\u201d<\/a><\/li>\n\n\n\n<li><a href=\"http:\/\/venvidrio.com.ve\/wp-content\/uploads\/2024\/03\/Llamado-VDV.2024.CA_.017.pdf\" data-type=\"link\" data-id=\"http:\/\/venvidrio.com.ve\/wp-content\/uploads\/2024\/03\/Llamado-VDV.2024.CA_.017.pdf\">LLAMADO A PARTICIPAR EN EL CONCURSO ABIERTO DE CONTRATACIONES P\u00daBLICAS: \u201cServicio para el resguardo y elaboraci\u00f3n de comidas balanceadas para los trabajadores y trabajadoras de Venezolana del Vidrio, C.A. (VENVIDRIO), Sucursal Planta Los Guayos y Planta Valera\u201d<\/a><\/li>\n\n\n\n<li><a href=\"http:\/\/venvidrio.com.ve\/wp-content\/uploads\/2024\/03\/Llamado-VDV.2024.CA_.018.pdf\" data-type=\"link\" data-id=\"http:\/\/venvidrio.com.ve\/wp-content\/uploads\/2024\/03\/Llamado-VDV.2024.CA_.018.pdf\">LLAMADO A PARTICIPAR EN EL CONCURSO ABIERTO DE CONTRATACIONES P\u00daBLICAS: \u201cServicio de mantenimiento preventivo- correctivo de payloder\u201d<\/a><\/li>\n\n\n\n<li><a href=\"http:\/\/venvidrio.com.ve\/wp-content\/uploads\/2024\/03\/Llamado-VDV.2024.CA_.018.pdf\" data-type=\"link\" data-id=\"http:\/\/venvidrio.com.ve\/wp-content\/uploads\/2024\/03\/Llamado-VDV.2024.CA_.018.pdf\">LLAMADO A PARTICIPAR EN EL CONCURSO ABIERTO DE CONTRATACIONES P\u00daBLICAS: \u201cServicio de Mantenimiento Preventivo y Correctivo de los Veh\u00edculos Propiedad y\/o administrados por Venezolana del Vidrio, C.A. (VENVIDRIO), Sucursal Planta Los Guayos\u201d<\/a><\/li>\n<\/ul>\n","protected":false},"excerpt":{"rendered":"<p>La&nbsp; Comisi\u00f3n de&nbsp; Contrataciones&nbsp; P\u00fablicas hace saber a&nbsp; las&nbsp; cooperativas, PyMIs,&nbsp; empresas y dem\u00e1s organizaciones de base del poder popular socio productivas interesadas en participar en nuestros procesos de contrataciones p\u00fablicas y trabajar en conjunto para el fortalecimiento de la capacidad&nbsp; industrial&nbsp; del&nbsp; sector&nbsp; p\u00fablico&nbsp; en&nbsp; la&nbsp; fabricaci\u00f3n de envases de vidrio para nuestro pueblo, [&hellip;]<\/p>\n","protected":false},"author":1,"featured_media":0,"parent":0,"menu_order":0,"comment_status":"closed","ping_status":"closed","template":"","meta":{"footnotes":""},"class_list":["post-45","page","type-page","status-publish","hentry"],"_links":{"self":[{"href":"https:\/\/venvidrio.com.ve\/index.php\/wp-json\/wp\/v2\/pages\/45","targetHints":{"allow":["GET"]}}],"collection":[{"href":"https:\/\/venvidrio.com.ve\/index.php\/wp-json\/wp\/v2\/pages"}],"about":[{"href":"https:\/\/venvidrio.com.ve\/index.php\/wp-json\/wp\/v2\/types\/page"}],"author":[{"embeddable":true,"href":"https:\/\/venvidrio.com.ve\/index.php\/wp-json\/wp\/v2\/users\/1"}],"replies":[{"embeddable":true,"href":"https:\/\/venvidrio.com.ve\/index.php\/wp-json\/wp\/v2\/comments?post=45"}],"version-history":[{"count":20,"href":"https:\/\/venvidrio.com.ve\/index.php\/wp-json\/wp\/v2\/pages\/45\/revisions"}],"predecessor-version":[{"id":141,"href":"https:\/\/venvidrio.com.ve\/index.php\/wp-json\/wp\/v2\/pages\/45\/revisions\/141"}],"wp:attachment":[{"href":"https:\/\/venvidrio.com.ve\/index.php\/wp-json\/wp\/v2\/media?parent=45"}],"curies":[{"name":"wp","href":"https:\/\/api.w.org\/{rel}","templated":true}]}}